 241, 8677
What are the prime factors of 67682699?
7, 197, 49081
List the prime factors of 356065842.
2, 3, 11, 5394937
List the prime factors of 225393605.
5, 41, 431, 2551
What are the prime factors of 769869769?
17, 45286457
List the prime factors of 63569911.
63569911
List the prime factors of 136102290.
2, 3, 5, 233, 19471
What are the prime factors of 47162213?
7, 23, 292933
What are the prime factors of 49172681?
79, 337, 1847
What are the prime factors of 861724918?
2, 31, 61, 227849
What are the prime factors of 120620195?
5, 24124039
List the prime factors of 340042731.
3, 7, 61, 265451
List the prime factors of 1901538575.
5, 113, 673111
What are the prime factors of 14076346?
2, 1669, 4217
What are the prime factors of 2956928037?
3, 7, 83, 1696459
List the prime factors of 279590634.
2, 3, 15532813
What are the prime factors of 987897244?
2, 246974311
List the prime factors of 13046832.
2, 3, 10067
What are the prime factors of 6194989?
6194989
What are the prime factors of 257950572?
2, 3, 11, 233, 8387
List the prime factors of 49508118.
2, 3, 11, 7577
What are the prime factors of 2273463588?
2, 3, 11, 1033, 16673
List the prime factors of 1711713827.
241, 251, 28297
List the prime factors of 125467441.
11, 1036921
List the prime factors of 3315005053.
3315005053
What are the prime factors of 3298759476?
2, 3, 31, 8867633
List the prime factors of 82405080.
2, 3, 5, 41, 1861
List the prime factors of 53963262.
2, 3, 2997959
What are the prime factors of 82189572?
2, 3, 6849131
List the prime factors of 2386650121.
2386650121
List the prime factors of 280849634.
2, 13, 10801909
List the prime factors of 1394026045.
5, 179, 277, 5623
List the prime factors of 2992048163.
13, 1361879
List the prime factors of 357610348.
2, 23, 169003
What are the prime factors of 90319914?
2, 3, 59, 28349
What are the prime factors of 224301698?
2, 73, 79, 19447
What are the prime factors of 1704382379?
7, 17, 14322541
List the prime factors of 69630658.
2, 53, 601, 1093
What are the prime factors of 307427287?
307427287
List the prime factors of 13182043.
7, 47, 103, 389
List the prime factors of 2552063087.
7, 541, 743, 907
What are the prime factors of 80384673?
3, 43, 139, 4483
What are the prime factors of 794558224?
2, 49659889
List the prime factors of 257947054.
2, 29, 37, 120199
List the prime factors of 55679981.
7, 17, 467899
What are the prime factors of 2014982003?
491, 4103833
List the prime factors of 50702895.
3, 5, 47, 61, 131
What are the prime factors of 1684106965?
5, 336821393
What are the prime factors of 320059831?
7, 13, 103, 34147
What are the prime factors of 997170882?
2, 3, 19, 229, 38197
List the prime factors of 132512686.
2, 66256343
List the prime factors of 2875680900.
2, 3, 5, 17, 31, 43, 47
List the prime factors of 225293461.
31, 97, 74923
List the prime factors of 108540357.
3, 101, 358219
What are the prime factors of 2127108854?
2, 13, 107, 137, 5581
List the prime factors of 378882988.
2, 11, 293, 29389
List the prime factors of 2428748583.
3, 25999, 31139
List the prime factors of 118162494.
2, 3, 6564583
What are the prime factors of 40449071?
13, 491, 6337
What are the prime factors of 5793732215?
5, 1158746443
What are the prime factors of 29320076?
2, 7330019
List the prime factors of 54476776.
2, 6809597
List the prime factors of 7540583182.
2, 11, 342753781
List the prime factors of 1318116609.
3, 61, 83, 28927
What are the prime factors of 2463795054?
2, 3, 7, 107, 182747
What are the prime factors of 137129441?
19, 7217339
List the prime factors of 345143916.
2, 3, 13, 81943
List the prime factors of 156983237.
156983237
What are the prime factors of 1541744648?
2, 23, 41, 204367
List the prime factors of 28722046.
2, 14361023
List the prime factors of 44195855.
5, 11, 29, 229
List the prime factors of 1024359352.
2, 128044919
What are the prime factors of 364136503?
15959, 22817
List the prime factors of 2802701.
11, 254791
What are the prime factors of 823195101?
3, 619, 443293
What are the prime factors of 5328838879?
7, 13, 346501
What are the prime factors of 17199694?
2, 101, 85147
List the prime factors of 88707394.
2, 17, 167, 919
What are the prime factors of 54770166?
2, 3, 11, 25147
List the prime factors of 482322230.
2, 5, 13, 3710171
List the prime factors of 124675450.
2, 5, 17, 146677
What are the prime factors of 219532807?
13, 16887139
What are the prime factors of 63177761?
41, 61, 25261
List the prime factors of 2564149542.
2, 3, 17, 1549, 16229
List the prime factors of 1406981055.
3, 5, 37, 2535101
What are the prime factors of 2987070364?
2, 4799, 155609
List the prime factors of 611866368.
2, 3, 265567
List the prime factors of 44489871.
3, 47, 35059
What are the prime factors of 455927658?
2, 3, 17, 4469879
List the prime factors of 65737525.
5, 7, 375643
What are the prime factors of 1388755412?
2, 11, 31562623
What are the prime factors of 37016749?
7, 11, 480737
List the prime factors of 1584637123.
12263, 129221
What are the prime factors of 241800120?
2, 3, 5, 241, 929
List the prime factors of 61422379.
61422379
What are the prime factors of 62580187?
62580187
What are the prime factors of 3568383186?
2, 3, 307, 1937233
List the prime factors of 323816632.
2, 23, 541, 3253
What are the prime factors of 304268043?
3, 43, 241, 9787
What are the prime factors of 49001647?
2689, 18223
List the prime factors of 39546759.
3, 7, 271, 6949
What are the prime factors of 487869788?
2, 7, 587, 29683
What are the prime factors of 197681022?
2, 3, 7, 11, 193, 739
List the prime factors of 157346119.
7, 523, 42979
List the prime factors of 3576332760.
2, 3, 5, 7, 11, 13, 19, 1567
What are the prime factors of 934447729?
934447729
List the prime factors of 93887182.
2, 46943591
List the prime factors of 35074566.
2, 3, 649529
List the prime factors of 120902911.
53, 137, 16651
List the prime factors of 500075427.
3, 166691809
List the prime factors of 258471378.
2, 3, 11, 23, 18919
List the prime factors of 76104511.
7, 10872073
List the prime factors of 7943573414.
2, 7, 567398101
List the prime factors of 311905846.
2, 7, 29, 768241
What are the prime factors of 105984076?
2, 11, 2408729
List the prime factors of 3829548952.
2, 19, 83, 303547
What are the prime factors of 27228832?
2, 17, 50053
What are the prime factors of 99305000?
2, 5, 19861
What are the prime factors of 195607827?
3, 21734203
List the prime factors of 6025718574.
2, 3, 4409, 25309
List the prime factors of 192712357.
17, 11336021
List the prime factors of 1144911522.
2, 3, 190818587
What are the prime factors of 144555872?
2, 1399, 3229
List the prime factors of 817377180.
2, 3, 5, 29, 469757
List the prime factors of 644200480.
2, 5, 7, 11, 52289
What are the prime factors of 8159101?
8159101
List the prime factors of 277000002.
2, 3, 1559, 9871
List the prime factors of 42659484.
2, 3, 7, 19, 26729
What are the prime factors of 20916197?
20916197
What are the prime factors of 893967954?
2, 3, 11, 13544969
What are the prime factors of 803537206?
2, 683, 588241
What are the prime factors of 3169966401?
3, 7, 16772309
List the prime factors of 32875706.
2, 61, 269473
What are the prime factors of 144090111?
3, 11, 4366367
List the prime factors of 346939315.
5, 17, 1361, 2999
What are the prime factors of 348524105?
5, 69704821
What are the prime factors of 1743328928?
2, 11, 4952639
List the prime factors of 426703588.
2, 101, 107, 9871
What are the prime factors of 2459628082?
2, 227, 5417683
What are the prime factors of 346765890?
2, 3, 5, 11558863
What are the prime factors of 280597479?
3, 93532493
What are the prime factors of 174406853?
174406853
What are the prime factors of 884098518?
2, 3, 23, 1279, 5009
List the prime factors of 5336973015.
3, 5, 11, 23, 173, 739
What are the prime factors of 520676208?
2, 3, 13, 23, 29, 139
What are the prime factors of 357443332?
2, 73, 1224121
What are the prime factors of 42411611?
11, 281, 13721
What are the prime factors of 206744664?
2, 3, 7, 167, 7369
What are the prime factors of 582820281?
3, 64757809
List the prime factors of 18804964.
2, 233, 20177
List the prime factors of 41694610.
2, 5, 587, 7103
What are the prime factors of 4507744891?
13, 29,